(-4 - -24 - -7)?
-26
What is the value of 2 + 20 + (-110 - (-3 - -25))?
-110
What is 5 - (-11 + (26 - 16 - (5 - 5)))?
6
Calculate (-84 - 10 - -3) + (-7 - -11) + 3 + 13.
-71
What is 11 + (-1 + 3 + 0 - (2255 + -2127))?
-115
Calculate -15 + (-55 - -36) - (28 + -2).
-60
What is -7 + (-13 - -3 - (12 - (3 - 15 - -78)))?
37
Calculate (59 - -5) + -5 + -19.
40
(-7 - (-20 + (4 - -9))) + -5 + -9
-14
What is -38 - -26 - (0 + -4 + 2 + -29)?
19
Evaluate 95 + (0 + -10 - (-413 - -397)).
101
What is the value of (28 - 31) + -36 - -19?
-20
Calculate (28 - (-80 - (25 - 33))) + 20.
120
What is -317 - -263 - (27 - -1)?
-82
What is -2 + (7 - 49 - -2) - 21?
-63
What is (-13112 - -13205) + (-144 - 1)?
-52
38 + -65 + 54 + -33
-6
Calculate (11 - -3 - 96) + (101 - 85).
-66
(9 - 106 - 1) + 19 - (-2 + 0)
-77
-20 + 67 + 73 + -169
-49
Evaluate (-1 - -1 - -8) + (24 - (-52 + 32)).
52
What is -24 - (21 - (-5 - (3 - 5)))?
-48
What is 54 + -25 + (6 - 25) - (4 + -5)?
11
7 + (17 + -14 - 14) + (10 - 5)
1
What is -1 + 11 + 28 - (6 + 130)?
-98
What is (147 - (111 - 52)) + -165?
-77
What is the value of -9 - ((-1 - 9) + 28)?
-27
Calculate -57 - (-7 - 93) - (16 - -2).
25
Evaluate 1 + -13 + -22 + -4 + 1 + -37 + 45.
-29
Calculate (-2 - 11) + -23 + (5 - (3 + -2)).
-32
Calculate 41 + -15 + 9 + 4 + -4 + -4 + 4.
35
Evaluate 4 + ((-25 - -3) + -7 + 17 - -9) - 53.
-52
Evaluate (-8 - 1) + 9 + -25 + -2 + 5 + 3.
-19
What is 11 - (10 - (22 + -96) - (-2 - 6))?
-81
Calculate -51 - ((-4 + 4 - 20) + 14).
-45
0 + (85 - 45 - 32) + 6 + 0
14
125 + 104 + -97 - 16
116
What is 8 + (-4 - 19) + 49?
34
What is the value of -32 + -2 + 21 - (7 + -48)?
28
Evaluate -20 + -24 + 7 + 18 - -84.
65
-982 + 1021 - (4 - -33)
2
190 + -222 + -10 + (3 - 2) + 1
-40
31 - 25 - 14 - -16
8
Evaluate 1 + 15 - (-27 + -92 + 75).
60
What is the value of -962 + 1034 + -2 + -32?
38
Evaluate 5 - (-42 - (7 - 30 - 5)).
19
What is 27 - (9 + (54 + -62 - (1 + (1 - 10))))?
18
Evaluate (-2 - 11) + (3 + 0 + -2 - (1505 + -1492)).
-25
Evaluate -45 - 1 - (-7 + (134 - 119)).
-54
Calculate -77 - (-122 + -76) - 94.
27
-113 - (54 - 225 - -104)
-46
What is (-12 - 0) + (2 - (3 + -16 + 10)) + 34?
27
Calculate 23 + (-3 - 8) - (-6 + 9 - 16 - 75).
100
What is the value of 103 + -11 + (28 + -4 - 16) + 18?
118
Calculate 0 + 91 + (-352 - -187).
-74
-9 + 1 + 0 + 13 - (-55 + 101)
-41
What is (-1 - 7) + 4 + 40 + -48 + 11?
-1
Evaluate (-1843 - -1824) + (0 + -2 - -16).
-5
What is 29 + (-60 + 33 + -15 - 34)?
-47
63 - -18 - (178 + -158)
61
Calculate 38 - 7 - ((8 - 1) + 26 + -18).
16
Evaluate 1 + 5 - (-10 + 22 + -24 - -27).
-9
Calculate 3 + 1 + (-20 - 0) + 17 + -10 + -67.
-76
-107 - (1 + -2) - (1046 + -1024 + -21 + 1)
-108
Evaluate -201 - (104 - 268) - (0 + -1 + -1 + -10).
-25
Evaluate 78 + -3 + -92 + (1 + 0 - 63).
-79
Calculate (2 - 2) + (3 - (20 - 20 - 5)).
8
-34 - -1 - (-3 + -222 + 100)
92
What is 9 + -82 + -26 + 30?
-69
What is -1024 + 1056 - (-1 + 0 + (-2 - (0 + -1)))?
34
Evaluate 0 + 16 - (-3 - -46 - 58).
31
What is the value of -44 - (-3 - -17 - 17)?
-41
What is -2930 - -2936 - (3 + -2 - -104)?
-99
Calculate (136 - 8) + 41 + -8 + -42.
119
Evaluate (22 - 17) + 19 + -2 + 0 + (6 - 1).
27
What is 2 + -4 - -2 - (7 + (-2 - 15) + 15)?
-5
Evaluate (-2 - -5 - ((-15 - -8) + -4)) + -20 + -23.
-29
Evaluate (-2 - -17) + (100 - 98) + (-3 - 7).
7
(0 - 1 - (-1 + -7 - (-191 + 266))) + -11
71
Calculate (-14 - -2 - (-1 + -45 + 26)) + (1 - -5).
14
Calculate (-28 + 35 - -19) + -28.
-2
What is the value of -2 + 30 + -7 + -10 + -1 + 33?
43
What is the value of 2 + -12 + (-4 - 3) + -19 - -12?
-24
Calculate 13 + (69 - -18) - (-7 - (-23 - -6)).
90
Evaluate 1 + (-10 - ((2 - (-6 - -9)) + -62)).
54
(34 + -15 - (2 + 3)) + (-2 - 0)
12
Evaluate 9 + (26 - 3 - (11 - 7)) + -3.
25
What is (5 - 3) + -14 + (149 - 170) + (-8 - 0)?
-41
(-43 - (15 + 37 + -243)) + -46
102
What is (-308 - -305) + -3 + (-2 - -14)?
6
-81 + 338 + -271 + 0 + 1 + 77
64
What is the value of -31 + (4 - 0) + -6 + (24 + -11 - 15)?
-35
Calculate -9 - ((30 - 22) + (-51 - 6 - -1)).
39
Evaluate -2 - ((-11 - (1 + -10)) + -11 + 6).
5
What is the value of -18 - -59 - -39 - (2 + -26)?
104
Calculate (0 - 21) + 217 + -191.
5
Calculate (-24 - (-16 - -10) - 0) + -39.
-57
Evaluate (-20 - 1) + -2254 + 2295.
20
Evaluate -62 - (-267 + 31 - -114).
60
What is the value of 9 + -62 + (391 - 297)?
41
Evaluate 50 + (169 + -166 - (-4 + 32)).
25
Evaluate (25 - 4) + (-57 - (44 + -1)).
-79
What is the value of -141 + -18 + 79 + 15?
-65
Calculate 3 - -5 - (5 + -1).
4
-632 + 727 + (-1 - 64)
30
Evaluate -135 + 71 + 13 + -19.
-70
What is -4 + (-1 - (4 + -4)) - (362 + -358)?
-9
Evaluate (0 - 29) + 8 + -7 - (12 + -85 + 84).
-39
What is the value of (-54 - 2) + 1 - (-2419 + 2414)?
-50
What is (-2 - -84) + (346 - 397)?
31
What is 63 - (38 + -18 - 32 - -19)?
56
Evaluate 38 + (-17 - -11) - (8 + 2 + -4).
26
Evaluate (-32 + (-14 - -17) - -29) + (-2 - -41).
39
Evaluate -1 + 18 + -6 - (-2 + 71 - (16 + -12)).
-54
-8 + (-34 - ((24 - 178) + 5))
107
Evaluate 5 + 11 + 0 + (63 - 56).
23
What is 11 - (0 + -2 - -5) - (-22457 + 22536)?
-71
What is the value of -13 + (11 + 12 - -15) + 6?
31
What is the value of 14 + 1 - (48 + 25 + -73)?
15
60 - ((0 - -12) + -6) - (-14 + 21)
47
What is (-85 - (25 - 17) - -8) + (-2 - -6)?
-81
121 + -34 - (-344 - -471)
-40
Evaluate -128 + 155 + (12 - 5) - 28.
6
Evaluate -2 + -10 + -9 + (22 - (11 + -14) - -6).
10
20 + -5 + -14 + 3 + (5 - (-1 + 2))
8
What is the value of (2 - (0 + (-2 - -3))) + 44 + (-9486 - -9480)?
39
-3 + 15 - (-60 + 58 + 3 + 0)
11
What is (-18 + 9 - 61) + 25 + (13 - 35)?
-67
-16 - ((-121 - -168) + (-15 - 15))
-33
-42 - (-45 + -11 + -28 + 52)
-10
What is -66 - (-1 - (14 - (-17 - 1 - -40)))?
-73
Evaluate -1530 - -1543 - (-4 + -2 + 129).
-110
-54 - (-2 + -17) - (10 + -31)
-14
What is the value of -37 + (-43 - (-34 + 10 + 10))?
-66
Evaluate (-7 - 129) + (4 + 2 - 0) + (-37 - -32).
-135
Calculate (8 - 36) + -6 + 6 + -12 + (3 - 1).
-38
What is (16 - 34) + 5 + (1 - -26) - (-6 - 3)?
23
What is the value of -40 - (18 - -2 - -9)?
-69
Calculate 44 - (-3 - 12 - (-349 - -325)).
35
What is -11 - -2 - (-81 - -88 - -30)?
-46
Evaluate -45 - -16 - (11 + 2 + -51).
9
What is 142 + (12 - (38 + 37 + -37))?
116
47 + (-20 - -18) - 74
-29
Calculate 5 + -11 + -84 - (-54 - -19).
-55
Evaluate 0 + 8 + -666 + 642 + 30.
14
What is -20454 + 20464 - (51 + (-2 + 1 - 0))?
-40
Evaluate -280 + (-15 - 38 - -196).
-137
Calculate 63 + -90 + 34 + 1.
8
50 - (-12 + (1 - 3) + 5 - -23)
36
Evaluate -964 - -1010 - (-19 + (3 - (-1 + 2))).
63
(-11 - 0 - (2 - 3)) + (-150 - -175) - 4
11
Evaluate (2 - 13) + (-22 - -23) + -24 + 65.
31
Calculate 3 + 34 + 10 + 12.
59
What is the value of 70 - -2 - -15 - (-17 + 20 - -9)?
75
Calculate -2 + -23 + -5 + -46 + 37 + (3 - 2).
-38
-42 - (2 - (5 + (-10 - -17)))
-32
Evaluate 5 + (-8 - (0 - 17) - -16).
30
What is the value of (-37 - (-62 + 4 + 35)) + 52?
38
-11 + (16 - (3 - -24) - -24) + (-15 - 1)
-14
What is 0 + -181 + (-2573 - -2675)?
-79
What is the value of (-27 - (-85 - -57)) + -37?
-36
What is -3 - (-10 + -58 + (5 - -26))?
34
What is 104 + (-31 - (-74 + 71))?
76
(5 - (-2 - -20)) + 9 - (-5 + 3)
-2
Evaluate -223 - ((-75 - 10) + -62).
-76
Calculate 15 - ((-18 - -53) + -89 + (1 - -6)).
62
What is 1619 + -1619 + (1 - (-5 - -30))?
-24
Calculate 1 + (3 + -20 - (-9 - 1)) - (0 - -52).
-58
What is -44 - ((110 - 41) + -105)?
-8
What is (2 - -7) + 35 + -38 + -47?
-41
What is -9 + (3 - -11) - (6 - (-16 - (5 - 6)))?
-16
Calculate -1 + 1 + (-5 - (16 - 24) - 61).
-58
Calculate (-231 - -76) + 48 + 60.
-47
What is the value of 10 - (2 + 77 - (39 - 8 - 21))?
-59
Evaluate 371 + -439 + (1 - -28).
-39
Evaluate 29 + 0 + 7 + (-7 + (8 - 1) - -11).
47
3 + 7 + (-8 - (-9 - 2)) + 15
28
What is the value of ((-6 - 8) + 21 - (18 + 0)) + 9 + 69?
67
What is the value of (-57 - 3 - ((-5 - -9) + -4)) + -302 + 304?
-58
-7 + 7 - (-1 + 0) - (-137 - -72 - -122)
-56
What is the value of -10 + (105 - 83) + (-3 - -50)?
59
What is -1 + -64 - (787 + -816)?
-36
Evaluate -7 - (36 + -9 - 29) - 56.
-61
What is the value of (7 - 4 - 56 - -5) + -33 + (-10 - -30)?
-61
What is 26 + -29 + (2 - 0) + -94 + 10?
-85
-13 - (-18 - 11 - -53)
-37
-49 + 4 + (-1 + 42 - 67)
-71
Evaluate -55 + 26 + 0 + 2.
-27
Evaluate (2 - (5 - 6 - -14) - -21) + 3 + 6.
19
What is (-7 - 38 - -3) + (127 - 129)?
-44
What 